{"id":12515,"date":"2023-05-23T08:41:05","date_gmt":"2023-05-23T06:41:05","guid":{"rendered":"https:\/\/centrumwm.pl\/?page_id=12515"},"modified":"2024-06-04T00:33:07","modified_gmt":"2024-06-03T22:33:07","slug":"czlonkostwo-w-cwm","status":"publish","type":"page","link":"https:\/\/centrumwm.pl\/?page_id=12515","title":{"rendered":"Cz\u0142onkostwo w CWM"},"content":{"rendered":"<p><strong>KTO MO\u017bE ZOSTA\u0106 CZ\u0141ONKIEM? DO\u0141\u0104CZ DO NAS!<\/strong><\/p>\n<p><strong>MAM WI\u0118CEJ ni\u017c 18 lat.<\/strong><\/p>\n<p>Je\u015bli jeste\u015b pe\u0142noletni, aprobujesz nasze cele i akceptujesz Statut CWM to zapraszamy Ciebie do wsp\u00f3\u0142pracy. \u015amia\u0142o do\u0142\u0105cz do naszego zespo\u0142u.<\/p>\n<p><strong>NIE MAM jeszcze 18 lat?<\/strong><\/p>\n<p>Ale masz ju\u017c 10 lat, aprobujesz nasze cele i akceptujesz Statut CWM to zapraszamy Ciebie do wsp\u00f3\u0142pracy. \u015amia\u0142o do\u0142\u0105cz do naszego zespo\u0142u jako cz\u0142onek wspieraj\u0105cy CWM.<\/p>\n<p>&nbsp;<\/p>\n<p>DLACZEGO WARTO BY\u0106 CZ\u0141ONKIEM CENTRUM WSPIERANIA M\u0141ODZIE\u017bY?<\/p>\n<p>Cz\u0142onek naszego Stowarzyszenia ma prawo:<\/p>\n<ol>\n<li>wybiera\u0107 i by\u0107 wybieranym zgodnie z obowi\u0105zuj\u0105cymi zasadami wyborczymi do wszystkich w\u0142adz Stowarzyszenia,<\/li>\n<li>W pe\u0142ni uczestniczy\u0107 w dzia\u0142alno\u015bci CENTRUM WSPIERANIA M\u0141ODZIE\u017bY, swobodnie<br \/>\nwyra\u017ca\u0107 swoje pogl\u0105dy, ocenia\u0107 dzia\u0142alno\u015b\u0107 organizacji i cz\u0142onk\u00f3w w\u0142adz Stowarzyszenia, \u017c\u0105da\u0107 odpowiedzi na zg\u0142aszane postulaty i wnioski,<\/li>\n<li>Uczestniczy\u0107 w kszta\u0142towaniu programu dzia\u0142ania Stowarzyszenia i bra\u0107 udzia\u0142 w jego realizacji,<\/li>\n<li>Korzysta\u0107 z pomocy i obrony w istotnych sprawach osobistych, domaga\u0107 si\u0119 od w\u0142adz<br \/>\nStowarzyszenia pomocy w ich rozwi\u0105zaniu,<\/li>\n<li>Korzysta\u0107 ze sprz\u0119tu i urz\u0105dze\u0144 b\u0119d\u0105cych w\u0142asno\u015bci\u0105 CENTRUM WSPIERANIA M\u0141ODZIE\u017bY do realizacji cel\u00f3w okre\u015blonych w niniejszym Statucie,<\/li>\n<li>Nosi\u0107 odznak\u0119 organizacyjn\u0105 CENTRUM WSPIERANIA M\u0141ODZIE\u017bY.<\/li>\n<\/ol>\n<p>&nbsp;<\/p>\n<p><a href=\"https:\/\/www.xnxx.com\"><img fetchpriority=\"high\" decoding=\"async\" class=\"wp-image-12516 size-full aligncenter\" src=\"https:\/\/centrumwm.pl\/wp-content\/uploads\/2023\/05\/Belka-nr-2.png\" alt=\"\" width=\"940\" height=\"788\" srcset=\"https:\/\/centrumwm.pl\/wp-content\/uploads\/2023\/05\/Belka-nr-2.png 940w, https:\/\/centrumwm.pl\/wp-content\/uploads\/2023\/05\/Belka-nr-2-300x251.png 300w, https:\/\/centrumwm.pl\/wp-content\/uploads\/2023\/05\/Belka-nr-2-768x644.png 768w, https:\/\/centrumwm.pl\/wp-content\/uploads\/2023\/05\/Belka-nr-2-600x503.png 600w\" sizes=\"(max-width: 940px) 100vw, 940px\" \/><\/a><\/p>\n","protected":false},"excerpt":{"rendered":"<p>KTO MO\u017bE ZOSTA\u0106 CZ\u0141ONKIEM? DO\u0141\u0104CZ DO NAS! MAM WI\u0118CEJ ni\u017c 18 lat. Je\u015bli jeste\u015b pe\u0142noletni, aprobujesz nasze cele i akceptujesz Statut CWM to zapraszamy Ciebie do wsp\u00f3\u0142pracy. \u015amia\u0142o do\u0142\u0105cz do naszego zespo\u0142u. NIE MAM jeszcze 18 lat? Ale masz ju\u017c &hellip; <\/p>\n","protected":false},"author":2,"featured_media":0,"parent":0,"menu_order":0,"comment_status":"closed","ping_status":"closed","template":"","meta":{"footnotes":""},"class_list":["post-12515","page","type-page","status-publish","hentry"],"_links":{"self":[{"href":"https:\/\/centrumwm.pl\/index.php?rest_route=\/wp\/v2\/pages\/12515","targetHints":{"allow":["GET"]}}],"collection":[{"href":"https:\/\/centrumwm.pl\/index.php?rest_route=\/wp\/v2\/pages"}],"about":[{"href":"https:\/\/centrumwm.pl\/index.php?rest_route=\/wp\/v2\/types\/page"}],"author":[{"embeddable":true,"href":"https:\/\/centrumwm.pl\/index.php?rest_route=\/wp\/v2\/users\/2"}],"replies":[{"embeddable":true,"href":"https:\/\/centrumwm.pl\/index.php?rest_route=%2Fwp%2Fv2%2Fcomments&post=12515"}],"version-history":[{"count":2,"href":"https:\/\/centrumwm.pl\/index.php?rest_route=\/wp\/v2\/pages\/12515\/revisions"}],"predecessor-version":[{"id":13150,"href":"https:\/\/centrumwm.pl\/index.php?rest_route=\/wp\/v2\/pages\/12515\/revisions\/13150"}],"wp:attachment":[{"href":"https:\/\/centrumwm.pl\/index.php?rest_route=%2Fwp%2Fv2%2Fmedia&parent=12515"}],"curies":[{"name":"wp","href":"https:\/\/api.w.org\/{rel}","templated":true}]}}

Członkostwo w CWM

<p><strong>KTO MOŻE ZOSTAĆ CZŁONKIEM? DOŁĄCZ DO NAS!</strong></p>
<p><strong>MAM WIĘCEJ niż 18 lat.</strong></p>
<p>Jeśli jesteś pełnoletni, aprobujesz nasze cele i akceptujesz Statut CWM to zapraszamy Ciebie do współpracy. Śmiało dołącz do naszego zespołu.</p>
<p><strong>NIE MAM jeszcze 18 lat?</strong></p>
<p>Ale masz już 10 lat, aprobujesz nasze cele i akceptujesz Statut CWM to zapraszamy Ciebie do współpracy. Śmiało dołącz do naszego zespołu jako członek wspierający CWM.</p>
<p>&nbsp;</p>
<p>DLACZEGO WARTO BYĆ CZŁONKIEM CENTRUM WSPIERANIA MŁODZIEŻY?</p>
<p>Członek naszego Stowarzyszenia ma prawo:</p>
<ol>
<li>wybierać i być wybieranym zgodnie z obowiązującymi zasadami wyborczymi do wszystkich władz Stowarzyszenia,</li>
<li>W pełni uczestniczyć w działalności CENTRUM WSPIERANIA MŁODZIEŻY, swobodnie<br />
wyrażać swoje poglądy, oceniać działalność organizacji i członków władz Stowarzyszenia, żądać odpowiedzi na zgłaszane postulaty i wnioski,</li>
<li>Uczestniczyć w kształtowaniu programu działania Stowarzyszenia i brać udział w jego realizacji,</li>
<li>Korzystać z pomocy i obrony w istotnych sprawach osobistych, domagać się od władz<br />
Stowarzyszenia pomocy w ich rozwiązaniu,</li>
<li>Korzystać ze sprzętu i urządzeń będących własnością CENTRUM WSPIERANIA MŁODZIEŻY do realizacji celów określonych w niniejszym Statucie,</li>
<li>Nosić odznakę organizacyjną CENTRUM WSPIERANIA MŁODZIEŻY.</li>
</ol>
<p>&nbsp;</p>
<p><a href="https://www.xnxx.com"><img fetchpriority="high" decoding="async" class="wp-image-12516 size-full aligncenter" src="https://centrumwm.pl/wp-content/uploads/2023/05/Belka-nr-2.png" alt="" width="940" height="788" srcset="https://centrumwm.pl/wp-content/uploads/2023/05/Belka-nr-2.png 940w, https://centrumwm.pl/wp-content/uploads/2023/05/Belka-nr-2-300x251.png 300w, https://centrumwm.pl/wp-content/uploads/2023/05/Belka-nr-2-768x644.png 768w, https://centrumwm.pl/wp-content/uploads/2023/05/Belka-nr-2-600x503.png 600w" sizes="(max-width: 940px) 100vw, 940px" /></a></p>

<p>KTO MOŻE ZOSTAĆ CZŁONKIEM? DOŁĄCZ DO NAS! MAM WIĘCEJ niż 18 lat. Jeśli jesteś pełnoletni, aprobujesz nasze cele i akceptujesz Statut CWM to zapraszamy Ciebie do współpracy. Śmiało dołącz do naszego zespołu. NIE MAM jeszcze 18 lat? Ale masz już &hellip; </p>
