{"id":12508,"date":"2023-05-23T08:35:22","date_gmt":"2023-05-23T06:35:22","guid":{"rendered":"https:\/\/centrumwm.pl\/?page_id=12508"},"modified":"2024-06-04T00:33:40","modified_gmt":"2024-06-03T22:33:40","slug":"kim-jestesmy","status":"publish","type":"page","link":"https:\/\/centrumwm.pl\/?page_id=12508","title":{"rendered":"Kim jeste\u015bmy?"},"content":{"rendered":"<p><strong>Centrum Wspierania M\u0142odzie\u017cy to\u2026<\/strong><\/p>\n<p>Nowatorska organizacja spo\u0142eczna funkcjonuj\u0105ca jako stowarzyszenie, kt\u00f3rej dzia\u0142alno\u015b\u0107 ukierunkowana jest na kreowanie przestrzeni dla harmonijnego rozwoju dzieci i m\u0142odzie\u017cy, rozwi\u0105zywania ich codziennych problem\u00f3w. Organizacja ma uczy\u0107 i stwarza\u0107 mo\u017cliwo\u015bci umiej\u0119tnego sp\u0119dzania czasu wolnego od u\u017cywek, nudy i zgubnych na\u0142og\u00f3w (gier komputerowych, telefonu kom\u00f3rkowego, internetu) i d\u0105\u017cy\u0107 do rozwoju w\u0142asnych pasji i zainteresowa\u0144 u dzieci oraz m\u0142odzie\u017cy. Wa\u017cnym aspektem funkcjonowania jest dzia\u0142alno\u015b\u0107 profilaktyczna: walka z nadwag\u0105 u dzieci, przeciwdzia\u0142aniem powstawaniu wad postawy, pr\u00f3chnic\u0105 u najm\u0142odszych i edukacyjna: dba\u0142o\u015b\u0107 o w\u0142asne zdrowie, nabywanie cennych umiej\u0119tno\u015bci spo\u0142ecznych: umiej\u0119tno\u015bci p\u0142ywania, zetkni\u0119cie z pozytywnymi wzorcami zachowa\u0144 oraz beztrosk\u0105 zabaw\u0105 w gronie r\u00f3wie\u015bniczym, umiej\u0119tno\u015bci radzenia sobie w trudnych sytuacjach a tak\u017ce promocj\u0105 idei wolontariatu, jako formy bezinteresownego spojrzenia na potrzeby drugiego cz\u0142owieka oraz form, w kt\u00f3re m\u0142ody cz\u0142owiek mo\u017ce si\u0119 zaanga\u017cowa\u0107.<\/p>\n<p><a href=\"https:\/\/www.xnxx.com\"><img fetchpriority=\"high\" decoding=\"async\" class=\"wp-image-12512 size-full aligncenter\" src=\"https:\/\/centrumwm.pl\/wp-content\/uploads\/2023\/05\/Belka-nr-1.png\" alt=\"\" width=\"1080\" height=\"1080\" srcset=\"https:\/\/centrumwm.pl\/wp-content\/uploads\/2023\/05\/Belka-nr-1.png 1080w, https:\/\/centrumwm.pl\/wp-content\/uploads\/2023\/05\/Belka-nr-1-300x300.png 300w, https:\/\/centrumwm.pl\/wp-content\/uploads\/2023\/05\/Belka-nr-1-1024x1024.png 1024w, https:\/\/centrumwm.pl\/wp-content\/uploads\/2023\/05\/Belka-nr-1-150x150.png 150w, https:\/\/centrumwm.pl\/wp-content\/uploads\/2023\/05\/Belka-nr-1-768x768.png 768w, https:\/\/centrumwm.pl\/wp-content\/uploads\/2023\/05\/Belka-nr-1-600x600.png 600w, https:\/\/centrumwm.pl\/wp-content\/uploads\/2023\/05\/Belka-nr-1-100x100.png 100w\" sizes=\"(max-width: 1080px) 100vw, 1080px\" \/><\/a><\/p>\n","protected":false},"excerpt":{"rendered":"<p>Centrum Wspierania M\u0142odzie\u017cy to\u2026 Nowatorska organizacja spo\u0142eczna funkcjonuj\u0105ca jako stowarzyszenie, kt\u00f3rej dzia\u0142alno\u015b\u0107 ukierunkowana jest na kreowanie przestrzeni dla harmonijnego rozwoju dzieci i m\u0142odzie\u017cy, rozwi\u0105zywania ich codziennych problem\u00f3w. Organizacja ma uczy\u0107 i stwarza\u0107 mo\u017cliwo\u015bci umiej\u0119tnego sp\u0119dzania czasu wolnego od u\u017cywek, nudy &hellip; <\/p>\n","protected":false},"author":2,"featured_media":0,"parent":0,"menu_order":0,"comment_status":"closed","ping_status":"closed","template":"","meta":{"footnotes":""},"class_list":["post-12508","page","type-page","status-publish","hentry"],"_links":{"self":[{"href":"https:\/\/centrumwm.pl\/index.php?rest_route=\/wp\/v2\/pages\/12508","targetHints":{"allow":["GET"]}}],"collection":[{"href":"https:\/\/centrumwm.pl\/index.php?rest_route=\/wp\/v2\/pages"}],"about":[{"href":"https:\/\/centrumwm.pl\/index.php?rest_route=\/wp\/v2\/types\/page"}],"author":[{"embeddable":true,"href":"https:\/\/centrumwm.pl\/index.php?rest_route=\/wp\/v2\/users\/2"}],"replies":[{"embeddable":true,"href":"https:\/\/centrumwm.pl\/index.php?rest_route=%2Fwp%2Fv2%2Fcomments&post=12508"}],"version-history":[{"count":4,"href":"https:\/\/centrumwm.pl\/index.php?rest_route=\/wp\/v2\/pages\/12508\/revisions"}],"predecessor-version":[{"id":13151,"href":"https:\/\/centrumwm.pl\/index.php?rest_route=\/wp\/v2\/pages\/12508\/revisions\/13151"}],"wp:attachment":[{"href":"https:\/\/centrumwm.pl\/index.php?rest_route=%2Fwp%2Fv2%2Fmedia&parent=12508"}],"curies":[{"name":"wp","href":"https:\/\/api.w.org\/{rel}","templated":true}]}}